13) is divided by 30.
27
Suppose 17*d = 13*d + 1248. Calculate the remainder when 2/((-8)/6)*d/(-9) is divided by 27.
25
Let z(f) = f**3 + f**2 + f + 28. Let a(j) = -j**3 - 16*j**2 + j + 16. Let o be a(-16). Calculate the remainder when z(o) is divided by 10.
8
Let l = 100 - 85. Suppose 4*d - 15 - l = -5*v, 21 = 5*d - 2*v. Calculate the remainder when 10 is divided by d.
0
Let t(m) = -m**3 + 18*m**2 + 7*m - 21. Let a be t(18). Suppose 0 = 81*v - 76*v - a. Calculate the remainder when 82 is divided by v.
19
Suppose 0 = h + 2*i - 6 - 0, -3*h = -4*i + 2. Calculate the remainder when 49 is divided by (-50)/(-4)*h/1.
24
Suppose -4*r = 3*f + 30, 5*f + 16 = -2*r + r. Calculate the remainder when 2/((5/(-285))/(1/r)) is divided by 11.
8
Suppose 20*g - 15*g = 35. Calculate the remainder when 53 is divided by g.
4
Let x = -1836 + 2150. Calculate the remainder when x is divided by 45.
44
Suppose 0 = -6*p + 39 - 3. What is the remainder when 27 is divided by p?
3
Let s = -200 - -218. Calculate the remainder when 46 is divided by s.
10
Let q = 161 + -81. Suppose 9*l - 5*l = q. What is the remainder when 99 is divided by l?
19
Suppose 2*b + 5*s + 5 + 11 = 0, -14 = 3*b + 5*s. Calculate the remainder when ((-2)/b*1)/(6/(-282)) is divided by 16.
15
Let w(m) = -2*m**2 - 9*m + 7. Let u be w(-5). Suppose -6 + 16 = u*v. What is the remainder when 8 is divided by v?
3
Let v = -39 + 44. Suppose -v = 5*c - 20. Calculate the remainder when 5 is divided by c.
2
Suppose -4*x + 4*l - 128 = 0, 5*x - 5*l + 2*l + 150 = 0. Let b(n) = 2*n**2 - 4. Let f be b(5). Let h = f + x. Calculate the remainder when 74 is divided by h.
17
Suppose 2*z - 2*d = 6, -d - d + 22 = 2*z. Suppose -15*h + 28 = -2. Suppose 71 = h*y + z. Calculate the remainder when 94 is divided by y.
30
What is the remainder when (-180 + 26)*(-1)/2 is divided by (-157)/(-4) + (-2)/8?
38
Let n(p) = p**3 - p**2 + 1. Let k be n(2). Suppose -k*m - 13 = -33. Let y = -1631 - -1645. Calculate the remainder when y is divided by m.
2
Let w be -4*(-3)/48 - 597/(-12). Suppose -3*t = 3*k - 36, 4*k = 4*t - t - w. Calculate the remainder when t is divided by 8.
6
Let k be 2/(-3)*(-1692)/(-24). Let z = 77 + k. Calculate the remainder when z is divided by 18.
12
Let m = 179 - -58. Calculate the remainder when m is divided by 10.
7
Suppose 20*l + 188 = 24*l. Calculate the remainder when l is divided by 16.
15
Suppose -2*w - 10 = -2*f, -3*f + 7*w - 3*w + 12 = 0. Calculate the remainder when 52 is divided by f.
4
Suppose 2*b - b = 13. Suppose -2*a + 4*g + 10 = 0, 5*g = 5*a - 4 - 31. Suppose -a = p - 4*p - 5*o, 5*p - 49 = 3*o. What is the remainder when b is divided by p?
5
Let j be (-1)/(((-14)/940)/7). Suppose -4*w + j = w - p, p = 0. Suppose 2*n = -22 + w. What is the remainder when n is divided by 19?
17
Suppose -1606 = -2*m - 1512. Let i = -127 - -225. What is the remainder when m is divided by (-3)/6 + i/4?
23
Suppose -3*u = 3*s + 3 + 3, 4*s + 35 = 5*u. Let g(r) = r**3 + 3*r**2 - 10*r + 5. Calculate the remainder when 13 is divided by g(s).
3
Suppose 0 = 5*u - u + 12. Calculate the remainder when 69 is divided by (-41)/u + 2/6 + 0.
13
Let w be ((-1)/(-2))/((-2)/152). Let t = 62 + w. What is the remainder when t is divided by 6?
0
Let v(s) = 2*s + 21. Let j be v(-5). Suppose -y + j = -28. What is the remainder when y is divided by 15?
9
Let k(u) = u**3 + 4*u**2 + 3*u + 4. Let y be k(-3). Suppose 0 = y*c - 5*s - 14, -3*c - 3*s = -c + 4. Calculate the remainder when 1 is divided by c.
0
Suppose 19*v = 27*v - 1144. What is the remainder when v is divided by 24?
23
Suppose -516*m = -530*m + 1498. Let q = 32 - 10. What is the remainder when m is divided by q?
19
Let f = -1074 - -1098. What is the remainder when 190 is divided by f?
22
Let h(a) = -a**3 - 10*a**2 - 8*a + 12. Let i be h(-9). Suppose -5*o + 3*d + 715 = 7*d, i*d = 3*o - 402. What is the remainder when o is divided by 35?
34
Suppose 5*q - 475 = -3*o, 4*o + 19 = -4*q + 399. Calculate the remainder when q is divided by 12.
11
Let z be (-3)/(-6)*-4 + 0. What is the remainder when z*(-1 + 57/(-2)) is divided by 31?
28
Let m = 3975 + -3946. Let j(y) = y**2 + 8. What is the remainder when m is divided by j(0)?
5
Suppose 0 = -39*t + 1584 + 1146. Calculate the remainder when t is divided by 52.
18
Let c = -11802 + 11888. Let h be (-1)/(2/(-1))*0. Suppose -2*b + 70 - 12 = h. What is the remainder when c is divided by b?
28
Let a be 5/(-25) + (-636)/20. Let d = -10 - a. Calculate the remainder when 129 is divided by d.
19
Let a = -17 + 32. Let m = -15 - -18. What is the remainder when a is divided by 1/m - 11/(-3)?
3
Let x(k) = -12*k + 6. Let f be x(-3). Suppose -t = 6*t - f. What is the remainder when 16 is divided by t?
4
Suppose -5*o + 9*g - 16*g + 51 = 0, -2*o - 4*g = -18. Calculate the remainder when 1078 is divided by o.
12
Suppose -4*t = 20, -5*w + 2*t + 172 = -8*w. Calculate the remainder when 29 is divided by w/(-4) - 30/(-20).
14
Let z(l) = 15*l**2 - 2*l + 1. Let x(r) = r**3 - 8*r**2 - 2. Let p be x(8). What is the remainder when z(p) is divided by 22?
21
Let a(u) = -4 + 0*u + 2 - 3*u. Let y be a(-2). Suppose -y*s + 126 = -s. Calculate the remainder when s is divided by 15.
12
Let v(x) = x**3 - 9*x**2 + 4*x - 28. Let s be v(9). Suppose -s*w - 80 = -16*w. What is the remainder when 59 is divided by w?
9
Suppose 0 = 5*b - 9*b - 60. Let x = 22 + b. Suppose 0 = -0*h + h - x. What is the remainder when 18 is divided by h?
4
Let t be 1225/45 - (-2)/(-9). Let r = t + -16. Suppose -4*a = -2*j - 42, a - j = -0*a + r. What is the remainder when 37 is divided by a?
7
Suppose 61*n + 2470 = 80*n. What is the remainder when n is divided by 58?
14
Let o(x) = 2*x**3 - 27*x**2 - 6*x + 26. Calculate the remainder when o(14) is divided by 19.
5
Suppose j - 2*x = -3, -20 = -x - 3*x. Let c be 9/18*(32 - -2). Let d = c + -4. What is the remainder when d is divided by j?
6
Let u = -17 - -13. What is the remainder when 14 is divided by ((-2)/(-3))/(u + 75/18)?
2
Let j = 40 - -7. What is the remainder when j is divided by 24/9*(-3 - -9)?
15
Let s(j) = 2*j**2 + 87*j + 70. Calculate the remainder when s(-45) is divided by 81.
43
Suppose -55 - 29 = -6*k. What is the remainder when k is divided by 2/(-10)*-4*10?
6
Let d(b) = 24*b - 2. Suppose 5*i + 4*l - 24 = 0, 3*i - i + 5*l = 13. Let s(g) = g + 8. Calculate the remainder when d(2) is divided by s(i).
10
Suppose -22845 + 1041 = -79*p. Calculate the remainder when p is divided by 47.
41
What is the remainder when 150 is divided by (-8 - -9 - 4/3)*-159?
44
Suppose 4*y + 4*m - 31 = 5, -2*y + 2 = -2*m. Let n(a) = a**3 - 6*a**2 + 2*a - 2. Calculate the remainder when n(6) is divided by y.
0
Suppose 6*z + 0*z = 90. Let q = z - -8. What is the remainder when 68 is divided by q?
22
Let c(q) = -q**3 + 9*q**2 + 6*q - 21. What is the remainder when c(7) is divided by 20?
19
Suppose 2*m + 2*m = 8. Suppose 4*y + m + 22 = 0. What is the remainder when 49 is divided by 3/y - 70/(-4)?
15
Suppose 0 = 6*y - 70 - 38. What is the remainder when (-2 + 0)/(2/(-33)) is divided by y?
15
Calculate the remainder when 95 is divided by 1 + (1 - 1) - -6.
4
Suppose 0 = 4*b + 2*a - 14, -4*b + 22 = -2*a + 4. Let p = b - -12. Suppose -5*h + 2*k - k = -314, 50 = h + 3*k. What is the remainder when h is divided by p?
14
Suppose 21*p + 34 = 145 + 15. Let b(l) = 3*l. Calculate the remainder when b(3) is divided by p.
3
Let b(v) = -v**3 + 18*v**2 - 49*v - 14. Calculate the remainder when b(11) is divided by 50.
44
Let z = 2646 - 2058. Calculate the remainder when z is divided by 74.
70
Let c(q) = -q**3 + 19*q**2 + 27*q - 19. What is the remainder when c(20) is divided by 33?
22
Let s(m) = -m**2 + 10*m + 2. Calculate the remainder when 121 is divided by s(7).
6
Let z(b) = b**3 - 9*b**2 + 16*b - 4. What is the remainder when 108 is divided by z(7)?
8
Let i(w) = w**2 - 2. Let c(h) = -h**2 + h + 1. Let p(n) = -3*c(n) - i(n). Calculate the remainder when p(4) is divided by 11.
8
Suppose 8*b + 15 = 3*m + 5*b, 41 = 4*m + 3*b. Calculate the remainder when 54 is divided by m.
6
Suppose 0 = -3*b + 3*w - 531, 5*w - 4*w + 543 = -3*b. Let h be ((-2)/(-5))/(12/b). Let g = 11 + h. What is the remainder when 14 is divided by g?
4
Let c(h) = -h**2 - 3*h + 57. Let r be c(6). Suppose 5*z = r*a - 6*a +